*2 - 38*c + 36. Let l be z(9). Calculate the greatest common divisor of l and 18.
9
Let t(q) = -q**3 + 7*q**2 - 10*q - 6 + 8*q**2 - 3*q**2. Let n be t(11). Suppose n = -4*i + 9*i. What is the greatest common factor of 5 and i?
1
Let g be -2*9/(-12)*20/(-15). Let i be 10*1*(5/g - -5). What is the greatest common factor of i and 275?
25
Let o be 428/18 + 10/(-225)*-5. Suppose -5*g - 5*z + 370 = 0, -g - 2*z - 19 + 94 = 0. Let h = 133 - g. What is the greatest common factor of o and h?
12
Let r = -12 - -26. Let y be (-37 - -1) + 1 + 2. Let i = y + 131. What is the highest common factor of i and r?
14
Suppose -f - 7 = -2*f - 2*j, f + 2 = -5*j. What is the greatest common divisor of f and 117?
13
Let d = 9 - 7. Let s be (3/d)/((-6)/(-68)). Calculate the highest common divisor of s and 119.
17
Let i = -1049 - -1852. Calculate the greatest common divisor of 73 and i.
73
Suppose a - 426 = 4*t, 0 = 5*a - 2*t + 6*t - 2226. What is the highest common divisor of 34 and a?
34
Let a(n) = 3*n - 9. Let m be a(7). Suppose 0 + m = 2*g. Let s = 58 + -56. Calculate the greatest common factor of s and g.
2
Suppose -4*z + 3 = -117. Let o(k) = 16*k - 7. Let r be o(7). What is the highest common factor of r and z?
15
Suppose 5*f + c = -c + 40, -2*c = 0. Let b = 72 - 65. Suppose b*x - 5*x = 128. Calculate the greatest common divisor of f and x.
8
Let w be 469/91 + 2/(-13). Let d be 30/(-4)*2/(-3). Suppose k - 35 = -4*k + 2*p, -5*k + d*p + 50 = 0. Calculate the highest common factor of k and w.
5
Let z be -48*(4/8 - 1). Suppose -4*x + 342 = 102. Suppose 0 = 6*r - r - x. Calculate the highest common factor of z and r.
12
Suppose 0 = -2*v - 106 + 124. Let p be (-10)/v*3*117/(-26). What is the highest common factor of 5 and p?
5
Let b = 31 - 50. Let t = -11 - b. Let y = t + 28. Calculate the highest common factor of 9 and y.
9
Let r(p) = -14*p - 7. Let g be r(-13). Let l be g/14 - (1 + (-1)/2). What is the greatest common factor of 60 and l?
12
Suppose 0 = 1265*i - 1269*i + 52. What is the greatest common divisor of 221 and i?
13
Let g = -18 - -27. Suppose 0*o + 2*o - 87 = 3*m, 3*m - g = 0. Calculate the highest common factor of 24 and o.
24
Suppose 0 = 4*a + 2*g - 418, -3*a + 5*g = -a - 215. Calculate the highest common factor of a and 70.
35
Suppose 4*r + 3*p = 20, r + 3*r + 5*p = 28. Let x(t) = 8*t + 1 - 6*t - 2*t**2 + 11*t + t**2. Let q be x(13). What is the greatest common factor of q and r?
1
Suppose 2*s = 3*k + 85, -2*s = -k + s - 26. Let q be (-642)/27 + (-2)/9. Let g = q - k. Calculate the greatest common factor of 5 and g.
5
Let m = -8 - -12. Calculate the greatest common divisor of 8 and m.
4
Suppose -134*p = -53*p - 2268. Calculate the greatest common factor of 36 and p.
4
Let a(t) = -29*t + 679. Let w be a(20). Calculate the greatest common divisor of w and 27.
9
Suppose 0 = -3*o + 232 + 32. Let a = -295 + 306. What is the greatest common factor of o and a?
11
Suppose f - 26 = -r, -17*r - 4*f - 112 = -22*r. Calculate the greatest common factor of 168 and r.
24
Suppose 0 = 4*r - 16, -3*g + 0*r + 2*r = -178. Let c = -53 + g. What is the highest common factor of 63 and c?
9
Suppose -4*b + 16 = -5*b. Suppose -78 = -2*c - 2*y, -5*c + 142 + 48 = 4*y. Let q = b + c. What is the greatest common factor of q and 6?
6
Suppose -37*l + 26*l = -55. Let h be 3*-1*2/(-3). What is the highest common divisor of h and l?
1
Let n = -1068 + 1813. Calculate the greatest common divisor of 5 and n.
5
Let u = 193 - 132. Let v = u - 57. Let q be 0 - (0/1 + -20). Calculate the greatest common divisor of q and v.
4
Let f be (-7036)/(-22) + (-32)/(-176). Suppose 7*d - 1167 = -f. Suppose -2*w + 12 = -10. What is the highest common divisor of w and d?
11
Suppose -41*m - 576 = -45*m. Suppose -5*i - 3*q + 96 = q, 3*i = -5*q + 68. What is the highest common divisor of i and m?
16
Let f(i) = 3*i - 5. Let t be f(5). Let m(l) = l**2 - 5*l - 24. Let d be m(t). What is the highest common factor of d and 39?
13
Suppose 4*a + 76*i = 71*i + 350, 5*i + 10 = 0. What is the highest common factor of 10 and a?
10
Suppose 7*u = -61 + 103. What is the greatest common factor of 50 and u?
2
Let a(u) = 2*u**2 + 32*u + 31. Let q be a(-15). What is the highest common factor of 6 and q?
1
Let d(a) = a**3 - 4*a**2 + 3*a - 2. Let s be d(4). Suppose 26 = 3*y - s. Calculate the greatest common divisor of 9 and y.
3
Let z be -4 + 0 + 9 + 869. Calculate the greatest common divisor of 57 and z.
19
Suppose -4*b - 85 - 135 = -5*c, 2*c - 2*b = 86. Let p = -89 - -105. Calculate the greatest common divisor of p and c.
16
Suppose -30 = -v + 15. Suppose 0 = -3*l - 15. Let a = 25 - l. Calculate the highest common factor of v and a.
15
Let j be (0 - 9)*(-3)/9. Suppose -15*k = -20 - 10. Suppose 0 = k*l + l - j. Calculate the highest common divisor of 1 and l.
1
Let y = -258 + 273. Calculate the greatest common divisor of 100 and y.
5
Suppose 3*t + 13 + 22 = m, 2*m = -4*t + 100. What is the highest common factor of 22 and m?
22
Suppose u - 25 = -4*k - 112, 4*u - 2*k = -384. Let s = u + 326. What is the highest common factor of 21 and s?
21
Suppose 673 = 27*j - 461. What is the highest common factor of j and 392?
14
Let d be (24/20)/(5*(-24)/(-20700)). Let p(b) = -b**3 + 4*b**2 + 5*b + 3. Let s be p(4). Calculate the greatest common factor of d and s.
23
Let z = -86 + 100. Let x be 6/15 - 2796/(-10). Suppose 8*c - 3*c - x = 0. What is the greatest common factor of z and c?
14
Let n = -641 - -771. Calculate the highest common divisor of n and 10.
10
Suppose -2*d + 3*v = -47, 0 = -d - v + 8 + 3. What is the highest common factor of d and 16?
16
Let t(i) = -5*i + i + i**2 + 15*i - i - 2. Let y be t(-10). Let v be (-6)/(-2) + 5 + y. What is the highest common factor of 2 and v?
2
Let u = 23 - 14. Let y = -1049 - -1058. Calculate the highest common divisor of u and y.
9
Suppose 94 = 6*y + 16. Let s(g) = -g**2 + 16*g - 9. Let w be s(y). Suppose 2*l - 2*o = 4, l = -0*l - 4*o + 22. What is the highest common factor of w and l?
6
Suppose -4*v + 130 = -9*v. Let c be v/(-8)*(-7 - -11). Let d(o) = 23*o + 2. Let i be d(5). Calculate the highest common factor of c and i.
13
Let l be ((-4)/20)/(1/(-5)). Let h be l/(-3) + 16/3. Suppose h*q - 258 = 4*k, -2*k = -3*q - 6*k + 142. Calculate the greatest common divisor of q and 20.
10
Let x(l) = -2*l**2 - 3*l + 15. Let a be x(5). Let u be ((-60)/a)/(4/30). Suppose -5*b + 311 = -49. What is the greatest common divisor of u and b?
9
Let z be ((-18)/(-12))/(2/148) + 7. Calculate the highest common factor of z and 4.
2
Let n = 1420 + -1386. What is the greatest common factor of n and 306?
34
Suppose 0 = y - 0 - 2. Suppose -y*o - 11 = -m, 2*m + 2*o - 4 = -3*o. Calculate the highest common factor of 63 and m.
7
Let n be 4*24/4 + 2 + -2. Suppose 0*y - 5*y - o = -185, 5*y + 3*o = 195. What is the highest common factor of n and y?
12
Let j = -49 + 51. Let v be (j + (-55)/10)*-2. What is the greatest common divisor of v and 35?
7
Let z(a) = 2*a - 10. Let w be z(12). Let y be 66/2 - (-35)/(-6 - 1). What is the highest common divisor of y and w?
14
Let z(u) be the third derivative of -u**5/60 - 7*u**4/8 + 5*u**3/3 - 19*u**2. Let c be z(-16). What is the highest common divisor of 36 and c?
18
Suppose 4*s + s - 148 = 2*j, 3*s - 4*j = 100. Calculate the greatest common factor of 35 and s.
7
Let h = 107 - 98. Suppose 5*m = v + h, -4*v - m = -30 + 3. What is the greatest common factor of v and 6?
6
Suppose -3*v = 9, -183 = -5*y + 4*v + 94. Let d = -51 + y. Calculate the highest common divisor of 8 and d.
2
Suppose -14 = -2*c + 34. Let y = -22 + c. Suppose 0*m + 3*m = 3. What is the greatest common factor of m and y?
1
Suppose -5*o + 349 + 1 = 0. Let j be ((-2)/(-6))/((-26)/(-546)) - -3. What is the greatest common factor of j and o?
10
Suppose 5*q - 269 = 1141. Let x = -82 + q. Suppose 0 = -2*d + d + x. Calculate the greatest common divisor of d and 25.
25
Let j(r) be the second derivative of 1/6*r**3 + 0 - 5*r + 3/2*r**2. Let a be j(13). What is the greatest common factor of a and 112?
16
Let l(o) = -o**3 - 4*o**2 + 4*o. Let u be l(-6). What is the greatest common factor of 312 and u?
24
Let p = 17 + 5. Suppose -27 = 2*a - 0*q - 3*q, p = -2*a + 2*q. Let m be (-4)/(-6) + (-2)/a. Calculate the highest common factor 